3*q - 904 + 169. What is the greatest common factor of u and f?
41
Let o(k) = -8*k - 5. Let n(h) = -9*h - 4. Let q(t) = 3*n(t) - 4*o(t). Let i be q(3). Calculate the greatest common factor of i and 161.
23
Let t = 685 - 625. What is the greatest common divisor of t and 390?
30
Suppose 37 = -5*u + 77. Let t be u/(-10) + 19/5. Calculate the greatest common factor of 3 and t.
3
Let j(s) = -s**2 - 9*s + 26. Let c be j(-11). Let y = -7 + 11. Suppose y*o = -r + 80, -c*r = -3*r - 3*o - 94. Calculate the highest common divisor of r and 8.
8
Let n be (828/(-138))/((-3)/68). Calculate the highest common divisor of n and 1088.
136
Let u(y) be the third derivative of y**5/30 + y**4/12 - 5*y**3/3 - 5*y**2. Let o be u(2). Calculate the highest common factor of o and 2.
2
Suppose -7*y + 499 = -383. What is the highest common factor of 36 and y?
18
Let r = 1272 + -766. Calculate the highest common factor of r and 22.
22
Suppose 3*p = -5*j + 25, 3*p = -j + 3*j + 32. Suppose -b + 38 = -232. Suppose 5*g - 130 = b. What is the greatest common factor of p and g?
10
Let w(n) = -2*n**3 - 11*n**2 - 13*n - 27. Let s be w(-6). What is the highest common divisor of s and 87?
87
Let t = 17 + -15. Let y be 4/(-10) - (-32)/5. Let g = t + y. What is the greatest common divisor of g and 2?
2
Let j(i) = i**3 + 15*i**2 - 10*i - 105. Let l be j(-8). What is the greatest common factor of 376 and l?
47
Let w(o) = -24*o - 44. Suppose 19 - 79 = 10*l. Let u be w(l). What is the highest common factor of 40 and u?
20
Let t(m) = -m + 7. Let q be t(4). Let p be 12/8*20/q. Suppose -2*y - 7 = -3*w, -4*y + 5 = -9*y + 5*w. Calculate the highest common factor of y and p.
2
Suppose 2*d + 3*o - 17 = 0, -5*d + 37 = 4*o - 2. Let y(x) = 2*x**2 + 5*x - 7. Let h be y(-6). Calculate the greatest common factor of d and h.
7
Let j = 35 - -1. Suppose 4*z - j = z. Suppose -2*u + 5*u = z. What is the greatest common divisor of u and 32?
4
Let a be (-2 + 0)/(2 + (-16)/4). Let w(y) = 2*y + 9*y**2 + 10 + 7*y + 0*y + y**3 + 0. Let d be w(-8). Calculate the greatest common divisor of a and d.
1
Let o be (7/21)/((-1)/(-24)). Let c(i) = -i**3 + 8*i**2 - 2*i + 2. Let q be c(o). Let g be (10/(-8))/(q/112). Calculate the highest common factor of g and 70.
10
Let b(z) = 36*z**2 - 6*z + 8. Let c be b(2). Calculate the greatest common divisor of 20 and c.
20
Let b(o) = -2*o + 31. Let d be b(10). Let h be 10*d*(-14)/(-14). Suppose 3 = a, -l = 2*l - 5*a - 15. What is the greatest common factor of h and l?
10
Suppose 4*p = o - 2 + 6, 3*o - 2*p = 8. Let t(b) = b - 3. Let g be t(o). Let x be 3*g/(-3)*-11. Calculate the highest common factor of x and 22.
11
Suppose 17*x = -5*x + 308. Calculate the highest common divisor of x and 532.
14
Let g = 424 - 296. Calculate the highest common divisor of g and 160.
32
Suppose 16*q - 67*q = -7905. What is the highest common divisor of 62 and q?
31
Suppose -48 = -5*x + 4*z, -z = -5 + 2. Suppose 120 = 4*s - x. What is the highest common factor of s and 66?
33
Suppose 9*o + 2*o = 1452. What is the highest common divisor of 528 and o?
132
Let i be (13/((-78)/24))/((-4)/26). Let c(l) = -l**2 + l + 10. Let o be c(0). Let w = i - o. What is the highest common divisor of 16 and w?
16
Suppose 3*t - 10 = -2*a, -t = 3*t - 3*a - 2. Suppose 3*y - 12 = t*y. What is the highest common factor of y and 9?
3
Let q(j) = -j**3 - 7*j**2 + 2*j + 18. Let t be q(-7). Suppose t = u - 2. What is the highest common factor of 6 and u?
6
Let i = -37 + 102. Suppose -k + 5 = 4, 0 = -4*p - k - 127. Let z = -19 - p. What is the greatest common divisor of i and z?
13
Suppose -5*o = -3067 - 33. Calculate the greatest common factor of o and 20.
20
Let p be ((-135)/(-25))/(17/3485). Calculate the greatest common divisor of 9 and p.
9
Let k = 111 + 113. Suppose -4*n + k = 2*m, -n - 204 = -5*m + 3*m. What is the greatest common factor of m and 26?
26
Let i = -33 + 39. Suppose 10*b = i*b + 880. Calculate the highest common divisor of b and 20.
20
Let n = 171 - 54. What is the greatest common divisor of n and 18?
9
Suppose 2*m - 4*w - 124 = 0, -w - 16 = -12. Calculate the highest common factor of 900 and m.
18
Let k(s) = -5*s - 111. Let r be k(-25). Calculate the greatest common divisor of 4 and r.
2
Let u be (1 - 1) + (-4)/2. Let y(h) = 204 + 201 - 410 - 30*h. Let a be y(u). What is the greatest common divisor of a and 5?
5
Let j(o) = o**2 + 16*o + 123. Let t be j(-9). What is the highest common factor of 30 and t?
30
Suppose 3*p - 50 = -f, 10 + 32 = 3*p + 3*f. Let t = p + 4. Let k(s) = 43*s**2 - 3*s - 2. Let g be k(-2). Calculate the highest common divisor of t and g.
22
Suppose 7 + 3 = r. Let k(z) = -9*z**3 - 18*z - 2 + 5*z + z**2 + r*z. Let j be k(-2). Calculate the greatest common divisor of 40 and j.
40
Suppose -5*r + b = -68, -7*r - 5*b = -2*r - 50. Calculate the greatest common factor of r and 91.
13
Let z be 10/(3 + 969/(-324)). Suppose 22*u = 27*u - z. Calculate the highest common divisor of u and 27.
27
Suppose -3*z + 7 = -b, -4*z - z + 49 = 3*b. Calculate the highest common factor of b and 52.
4
Let h = 76 + -73. Suppose -h*b + 68 + 112 = 0. What is the greatest common divisor of b and 15?
15
Let o be (2/(-6))/((-4)/2304). Calculate the highest common divisor of o and 704.
64
Suppose 0*f = -3*f + 30. Let b = -57 + 14. Let j = b + 68. Calculate the highest common divisor of j and f.
5
Suppose 134 = 3*h + 5*c + 8, 4*c = -12. Calculate the greatest common factor of 94 and h.
47
Suppose 3*d = 3*n - 390, -4*n - 2*d + 497 = -11. Let l(k) = k**3 + 7*k**2 - 7*k - 41. Let c be l(-7). Calculate the greatest common factor of n and c.
8
Let b = 85 + -80. Suppose -2*k - 4*t = -200, 10*t = b*k + 5*t - 545. Calculate the highest common divisor of 53 and k.
53
Let v(c) = 2*c - 26. Let r be v(15). Suppose -r*h + 20 = h, 2*t = 2*h + 24. Calculate the highest common factor of t and 4.
4
Suppose -4*n - 5*d - 17 = 0, -n + d = 6*d + 23. Let k be 6/2 + (-4)/n. Let a be k/(-2*(-1)/36). Calculate the greatest common divisor of a and 27.
9
Suppose -2*k + 10 = -3*s, -k - 4*s = -3*k + 8. Let g = k - 3. Suppose 30 + 91 = 3*o - y, o = -g*y + 67. What is the greatest common factor of o and 14?
14
Suppose 4*f + 2*l = 9*f - 480, -f + l + 99 = 0. Calculate the greatest common divisor of 329 and f.
47
Suppose 12*f - 1522 - 7874 = 0. What is the greatest common divisor of 87 and f?
87
Let p be 1012/12 - 2/6. What is the highest common factor of p and 12?
12
Let a(p) = p. Let g(k) = 21*k - 28. Let v(r) = -3*a(r) + g(r). Let c be v(6). Calculate the greatest common divisor of 40 and c.
40
Suppose -3*u + 136 = 2*r - 89, 2*r + 75 = u. Let b = 90 - 45. Suppose -q + b = 2*q. What is the highest common divisor of q and u?
15
Suppose -3*r = 4*g - 7*r - 616, 3*r = -4*g + 609. Calculate the greatest common divisor of 17 and g.
17
Let o = 16 + -36. Let b be 8/((-2)/o*10/6). Let q be 1*32 + -1 + 1. Calculate the greatest common factor of b and q.
16
Suppose 12*p - 8*p = 160. Calculate the highest common divisor of p and 25.
5
Suppose 2*a = 4*y + 148, -4*a - 7*y = -4*y - 241. What is the greatest common factor of a and 144?
16
Let s = 194 + -178. Let u(i) = -i**3 + 7*i**2 + 8*i + 5. Let r be u(7). Let f = r + -13. What is the highest common factor of s and f?
16
Let y = -138 + 66. Let o = 88 + y. What is the greatest common factor of o and 8?
8
Let n(q) = -q**2 + 14*q - 2. Let t be n(12). Let i = -181 + 247. Calculate the greatest common factor of i and t.
22
Suppose i = -0*i + 9. Let f be 1/(-4) + 4/((-64)/(-180)). Suppose -i = 2*c - f. Calculate the highest common divisor of c and 3.
1
Let y = -597 + 741. Calculate the highest common factor of 54 and y.
18
Let m(c) = -c + 14*c**2 + 16 - 3*c + c**3 + 6*c**2 - 2*c**2. Let n be m(-18). Calculate the highest common factor of 11 and n.
11
Suppose 1299 = j - 4*o, 4*o = o - 3. What is the highest common divisor of j and 35?
35
Suppose -w = -4*q - 31, 4*w + q + 3 = 59. Suppose 12*k = w*k - 42. Let x be 1 - (4 + 2 + -61). What is the greatest common factor of x and k?
14
Let c be 182 + -1 - (46 + -50). What is the highest common factor of c and 148?
37
Suppose 0 = -2*s - 3*c + 1594, -s + c = -1228 + 426. Calculate the greatest common divisor of 25 and s.
25
Let q = -152 - -122. Let k = 70 + q. What is the highes